. Let q(r) = 3*r**3 + 2*r**2 - 12*r + 16. Let s be q(0). Calculate the highest common divisor of s and b.
4
Let d(j) = 3*j + 17. Suppose 0 = -5*l - 2*x - 230, l = -2*l + 2*x - 138. Let g = 55 + l. Let s be d(g). What is the highest common divisor of 132 and s?
44
Suppose -t - 2 + 9 = 0. Suppose 0 = -3*b + 47 + t. What is the greatest common factor of b and 288?
18
Let k = -3258 - -4244. What is the highest common factor of 464 and k?
58
Let i(x) = -x**2 - 8*x + 31. Let y be i(-11). Let j be (6/(-5 + 11))/(y/(-64)). Let n = -24 + 376. What is the highest common factor of n and j?
32
Let h be (26/(-10) - (-44)/(-110))*-24. What is the greatest common divisor of 666 and h?
18
Suppose -106*v + 50 = -26*v - 350. Let t = 384 - 251. Let f = t - 93. Calculate the greatest common factor of v and f.
5
Let r(a) = a**3 + 20*a**2 + 17*a + 9. Let x be r(-19). Let y = -44 + x. Suppose y*q = 9*q - 192. Calculate the highest common factor of q and 16.
16
Suppose -7*z = -4*h - 3*z + 76, h = 2*z + 15. Let j = -9 + h. Calculate the greatest common divisor of 35 and j.
7
Suppose 2*m = u + 7, 6*m - 5*m - 16 = -2*u. Suppose 3*t - 3*n - 1563 = 0, 7*n - 1567 = -3*t + m*n. What is the highest common factor of t and 9?
9
Let w be -245 + 5/(-10)*-4. Let h = -210 - w. What is the highest common divisor of 143 and h?
11
Let a = 230 + -126. Suppose -r + 6*u = -76, -154*u + 156*u = -4*r + 148. What is the greatest common factor of r and a?
8
Let s be -12*(-64)/(-160)*(-25)/4. What is the greatest common divisor of s and 822?
6
Let o be 54 + (-30)/(-12)*2. Let q = 116 + o. Calculate the highest common divisor of 7 and q.
7
Let w = 89 - 88. Let y be 3 + (3 - w) + 3. Let o be y*(1/(-1) - 106/(-8)). Calculate the greatest common factor of 14 and o.
14
Let j = 1306 - 930. What is the greatest common divisor of 184 and j?
8
Suppose 12*w = 261 - 177. Suppose -w*d + 784 = -546. What is the greatest common factor of d and 266?
38
Suppose 12*g = 14*g + 8, -3*r = -3*g - 42. Let j(n) = 13*n - 106. Let s be j(r). Calculate the greatest common factor of 1032 and s.
24
Let l(r) = 2*r**3 - 3*r**2 + 6*r - 4. Let o be l(2). Let v be 66*((-80)/o + 8). What is the highest common divisor of 77 and v?
11
Let l(k) = k**3 - 11*k**2 + 1. Let u be l(11). Let p = 180 - u. Suppose 2*w = 3*q - 505, -w + p = q + w. What is the highest common divisor of q and 19?
19
Suppose 2*v + b - 53 = 0, 3 = 3*b - 0. Suppose -6*j + 122 = v. Calculate the greatest common factor of j and 400.
16
Suppose 2*x - 2141 = -5*l, -851 = -2*l + 7*x - 6*x. Let j = -359 + l. Calculate the greatest common factor of j and 34.
34
Let u(s) = 5*s**2. Let f be u(-1). Suppose -m - m + 1263 = 5*w, 5*w = -f*m + 1260. Let n = -18965 + 18988. What is the highest common divisor of w and n?
23
Suppose -57*m = 14253 - 49650. What is the greatest common factor of m and 351?
27
Let q be ((-1)/(-5) - -1)/(12/(-90)). Let b be (135/(-6))/q*(10 + 0). What is the highest common factor of 100 and b?
25
Let f(u) = -257*u**2 + 1290*u + 11. Let w be f(5). Calculate the highest common factor of 36468 and w.
36
Let k = -491 + 841. Suppose k*a = 344*a + 66. What is the highest common divisor of 77 and a?
11
Let w = 29 + 2. Suppose 2*g + 20 = 0, g - 2343 + 865 = -3*y. What is the greatest common factor of w and y?
31
Suppose 8*n + 285 = -11*n. Let o(t) = 10*t + 172. Let f be o(n). Calculate the highest common divisor of f and 8.
2
Let g = -7395 - -7507. What is the greatest common divisor of g and 11536?
112
Suppose 4*g = 5*i - 795, -47*i + 46*i = -g - 159. What is the highest common divisor of i and 53?
53
Let t be (-4)/((4 - 2)/(-12)). Let v be (t/84)/(1/7). Suppose -d + 6 + 0 = w, 0 = 5*d - v*w - 9. What is the greatest common factor of d and 2?
1
Let b = 3195 + -2294. Calculate the highest common divisor of b and 265.
53
Suppose -15 = 6*r - 3*r. Let z(q) = 7*q - 3. Let p be z(r). Let h = p - -64. Calculate the greatest common factor of 78 and h.
26
Let q be (0 + 1)*51/17. Let f(j) = -5*j**q - j**2 - 5*j + 5*j**3 + 3*j - j**3. Let c be f(-2). What is the greatest common factor of 88 and c?
8
Let r = 103 + -39. Let p = 618 + 214. What is the greatest common factor of p and r?
64
Let r = 33095 - 29145. Calculate the highest common divisor of 316 and r.
158
Let n be (-68)/(-3) + 1/3. Suppose 2*v + 121 = n. Let z = v + 55. Calculate the greatest common factor of z and 48.
6
Let h = -157 - -234. Suppose 0 = -14*w - 4991 + 14693. What is the highest common divisor of h and w?
77
Let x(j) = -1344*j + 442. Let k be x(0). Calculate the highest common divisor of k and 51.
17
Let c = -1040 + 3147. What is the highest common divisor of 258 and c?
43
Suppose -19*g = -25*g. Suppose -2*u - 4*o - 28 = g, 5*o = -0*u - 4*u - 44. Let n be (u/(-12))/(3/216). What is the highest common factor of 24 and n?
12
Suppose 4*t - 2*q - 790 = 0, 7*t - 2*q + 974 = 12*t. Calculate the greatest common factor of t and 3185.
49
Let w be ((-20)/(-25))/(56/1330). Suppose -48 = 3*l - 2*x - 286, -5*x - 329 = -4*l. Calculate the highest common divisor of l and w.
19
Suppose -8598 = -360*m - 2118. What is the highest common divisor of 67 and m?
1
Let w = 1811 - 983. Calculate the highest common factor of w and 72.
36
Let p = 74 + -59. Suppose -p*d + 116 = -13*d. What is the highest common divisor of d and 174?
58
Suppose -2*c + 694 = -4*d, 3*c = 2*c + 4*d + 353. Let l = c + -323. Calculate the highest common divisor of 63 and l.
9
Let x(m) = -m**3 + 5*m**2 - 2*m - 4. Let q be x(3). Let p be (-30)/(-9)*27/(-30)*-4. Suppose -3*y + p = 9. Calculate the highest common factor of q and y.
1
Let q = -110 + 114. Let c be (q - 1)*(-112)/(-42). Suppose -2*o = -5*w - 6, 3*w + 6 = -c*o + 10*o. Calculate the highest common divisor of 6 and o.
3
Suppose 3*c - 54 = c. Let o = 13 - 12. Let f be ((-2376)/(-16))/(o/2). Calculate the highest common divisor of c and f.
27
Suppose 5*o = 5*z + 16015, 9573 = 3*o + 2*z + z. Calculate the highest common divisor of 139 and o.
139
Let x be (-120)/(-21) + (-2)/(-7). Let o = 3657 - 3623. Suppose 44 = 3*m - u, 2*m + 3*u - o = x*u. What is the highest common factor of m and 21?
7
Suppose -7*l + 2*l = -2*h - 285, -114 = -2*l - 5*h. Let z = l + 103. Suppose 2*w = -3*w + z. Calculate the greatest common divisor of 80 and w.
16
Suppose 0 = 2*c - 5*m - 71, 21 = 3*m + 6. What is the highest common divisor of 3126 and c?
6
Suppose 44*j = -13*j + 91200. What is the highest common divisor of 576 and j?
64
Let x be 5*(-1 + (-924)/(-540))*18. Suppose 3*y = -5*f + 1108, f = -4*f + y + 1124. What is the greatest common factor of x and f?
32
Suppose 12*v - 8*v - 4*y - 36 = 0, -3*y = 3*v + 3. Let z be v + (-21)/7 + 7. What is the highest common divisor of 24 and z?
8
Suppose 3*u - 13 = 2*o, -400 = u + o - 396. Calculate the greatest common divisor of u and 149.
1
Suppose -4*h = -51 + 3. Let p = h - 53. Let c be (-4 + p)/(-5) + 3. What is the greatest common divisor of 156 and c?
12
Let v = 5900 + -4338. What is the highest common divisor of 44 and v?
22
Suppose -2*v = -4*c - 116, -6 = -4*c + 2. Let j(n) = n**3 + 10*n**2 + 10*n - 5. Let r be j(-8). Let w = v - r. Calculate the highest common divisor of 19 and w.
19
Suppose 247 = -4*u - 5. Let n be 12/126 - 2199/u. Let v be 7/n - (-64)/5. What is the highest common divisor of 52 and v?
13
Suppose 0 = 2*h - 4*h - 3*o + 60, 0 = -5*o. Suppose -3*q - 4*a = -108, q - 3 = -25*a + 20*a. Calculate the greatest common divisor of q and h.
6
Let v be 0 - (24/(-40) - (-117649)/(-35)). Calculate the highest common divisor of v and 82.
82
Suppose -4*o + 164 = 4*c - 140, 3*c + 276 = 4*o. Suppose 2*i = -4*y + 104, -143 = -5*y - i + 5*i. What is the highest common divisor of o and y?
9
Let i(d) = 15*d + 35. Let w be i(-1). Calculate the greatest common divisor of 352 and w.
4
Let r be -10*(3 + 26/(-10)). Suppose 2*n + 2 = -4*x, 11*x - 3*n - 8 = 12*x. Let l be ((-37)/r)/x + 9/12. Calculate the highest common factor of l and 25.
5
Let l(w) = 24*w + 4. Let a be l(1). Suppose -5 = 2*z - 7. Suppose -a + z = -3*j. What is the greatest common factor of j and 45?
9
Let g(j) = 18*j - 40. Let f be g(5). Calculate the highest common factor of 30 and f.
10
Let r(u) = 26*u**2 - 201*u - 22. Let m be r(8). What is the highest common divisor of 10 and m?
2
Let i(r) = r +